{"id":15875,"date":"2026-08-25T16:52:03","date_gmt":"2026-08-25T14:52:03","guid":{"rendered":"https:\/\/atoutpoil.be\/?post_type=product&#038;p=15875"},"modified":"2026-08-31T17:37:14","modified_gmt":"2026-08-31T15:37:14","slug":"black-27-cm-aviator-coat","status":"publish","type":"product","link":"https:\/\/atoutpoil.be\/en\/produit\/manteau-aviateur-27-cm-noir\/","title":{"rendered":"Black Aviator Coat 27 cm"},"content":{"rendered":"<p>Aviator style coat<\/p>\n<p>Handmade in Belgium by Quadra<\/p>\n<p>Coat size 27 cm<\/p>\n<p>With buttons<\/p>\n<p>Elastic for hind legs<\/p>\n<p>Faux fur lining, very soft<\/p>\n<p>Very warm coat<\/p>\n<p>&nbsp;<\/p>","protected":false},"excerpt":{"rendered":"<p>Manteau style aviateur Fabriqu\u00e9 \u00e0 la main en Belgique par la soci\u00e9t\u00e9 Quadra Taille du manteau 27 cm Avec boutons&#8230;<\/p>","protected":false},"featured_media":15874,"template":"","meta":[],"product_brand":[],"product_cat":[82],"product_tag":[],"class_list":["post-15875","product","type-product","status-publish","has-post-thumbnail","product_cat-manteau-taille-27-cm","first","instock","shipping-taxable","purchasable","product-type-simple"],"_links":{"self":[{"href":"https:\/\/atoutpoil.be\/en\/wp-json\/wp\/v2\/product\/15875","targetHints":{"allow":["GET"]}}],"collection":[{"href":"https:\/\/atoutpoil.be\/en\/wp-json\/wp\/v2\/product"}],"about":[{"href":"https:\/\/atoutpoil.be\/en\/wp-json\/wp\/v2\/types\/product"}],"wp:attachment":[{"href":"https:\/\/atoutpoil.be\/en\/wp-json\/wp\/v2\/media?parent=15875"}],"wp:term":[{"taxonomy":"product_brand","embeddable":true,"href":"https:\/\/atoutpoil.be\/en\/wp-json\/wp\/v2\/product_brand?post=15875"},{"taxonomy":"product_cat","embeddable":true,"href":"https:\/\/atoutpoil.be\/en\/wp-json\/wp\/v2\/product_cat?post=15875"},{"taxonomy":"product_tag","embeddable":true,"href":"https:\/\/atoutpoil.be\/en\/wp-json\/wp\/v2\/product_tag?post=15875"}],"curies":[{"name":"wp","href":"https:\/\/api.w.org\/{rel}","templated":true}]}}

<p>Manteau style aviateur Fabriqué à la main en Belgique par la société Quadra Taille du manteau 27 cm Avec boutons&#8230;</p>
