{"id":15881,"date":"2026-08-25T16:57:56","date_gmt":"2026-08-25T14:57:56","guid":{"rendered":"https:\/\/atoutpoil.be\/?post_type=product&#038;p=15881"},"modified":"2026-08-31T17:29:55","modified_gmt":"2026-08-31T15:29:55","slug":"manteau-aviateur-quadra-27-cm-brun","status":"publish","type":"product","link":"https:\/\/atoutpoil.be\/en\/produit\/manteau-aviateur-quadra-27-cm-brun\/","title":{"rendered":"27 cm brown quadra aviator coat"},"content":{"rendered":"<p>Coat handmade in Belgium by the company Quadra<\/p>\n<p>Aviator style<\/p>\n<p>Soft interior<\/p>\n<p>Dimension 27 cm<\/p>\n<p>Brown exterior<\/p>\n<p>With buttons<\/p>","protected":false},"excerpt":{"rendered":"<p>Manteau fabriqu\u00e9 en Belgique \u00e0 la main par la soci\u00e9t\u00e9 Quadra Mod\u00e8le aviateur Int\u00e9rieur doux Dimension 27 cm Ext\u00e9rieur couleur&#8230;<\/p>","protected":false},"featured_media":15855,"template":"","meta":[],"product_brand":[],"product_cat":[82],"product_tag":[],"class_list":["post-15881","product","type-product","status-publish","has-post-thumbnail","product_cat-manteau-taille-27-cm","first","instock","shipping-taxable","purchasable","product-type-simple"],"_links":{"self":[{"href":"https:\/\/atoutpoil.be\/en\/wp-json\/wp\/v2\/product\/15881","targetHints":{"allow":["GET"]}}],"collection":[{"href":"https:\/\/atoutpoil.be\/en\/wp-json\/wp\/v2\/product"}],"about":[{"href":"https:\/\/atoutpoil.be\/en\/wp-json\/wp\/v2\/types\/product"}],"wp:featuredmedia":[{"embeddable":true,"href":"https:\/\/atoutpoil.be\/en\/wp-json\/wp\/v2\/media\/15855"}],"wp:attachment":[{"href":"https:\/\/atoutpoil.be\/en\/wp-json\/wp\/v2\/media?parent=15881"}],"wp:term":[{"taxonomy":"product_brand","embeddable":true,"href":"https:\/\/atoutpoil.be\/en\/wp-json\/wp\/v2\/product_brand?post=15881"},{"taxonomy":"product_cat","embeddable":true,"href":"https:\/\/atoutpoil.be\/en\/wp-json\/wp\/v2\/product_cat?post=15881"},{"taxonomy":"product_tag","embeddable":true,"href":"https:\/\/atoutpoil.be\/en\/wp-json\/wp\/v2\/product_tag?post=15881"}],"curies":[{"name":"wp","href":"https:\/\/api.w.org\/{rel}","templated":true}]}}

<p>Manteau fabriqué en Belgique à la main par la société Quadra Modèle aviateur Intérieur doux Dimension 27 cm Extérieur couleur&#8230;</p>
