{"id":15934,"date":"2026-08-31T18:14:50","date_gmt":"2026-08-31T16:14:50","guid":{"rendered":"https:\/\/atoutpoil.be\/?post_type=product&#038;p=15934"},"modified":"2026-08-31T18:15:36","modified_gmt":"2026-08-31T16:15:36","slug":"manteau-fourre-quadra-36-cm-rouge-2","status":"publish","type":"product","link":"https:\/\/atoutpoil.be\/en\/produit\/manteau-fourre-quadra-36-cm-rouge-2\/","title":{"rendered":"Manteau fourr\u00e9 Quadra 36 cm rouge"},"content":{"rendered":"<p>Manteau de la marque Quadra<\/p>\n<p>Taille 36cm<\/p>\n<p>FAbriqu\u00e9 \u00e0 la main en Belgique<\/p>\n<p>Int\u00e9rieur chaud et fourr\u00e9<\/p>\n<p>Ext\u00e9rieur imperm\u00e9able<\/p>\n<p>lavable \u00e0 30 degr\u00e9s<\/p>\n<p>Col blanc et contour blanc<\/p>","protected":false},"excerpt":{"rendered":"<p>Manteau de la marque Quadra Taille 36cm FAbriqu\u00e9 \u00e0 la main en Belgique Int\u00e9rieur chaud et fourr\u00e9 Ext\u00e9rieur imperm\u00e9able lavable&#8230;<\/p>","protected":false},"featured_media":15925,"template":"","meta":[],"product_brand":[],"product_cat":[83],"product_tag":[],"class_list":["post-15934","product","type-product","status-publish","has-post-thumbnail","product_cat-manteau-taille-36-cm","first","instock","shipping-taxable","purchasable","product-type-simple"],"_links":{"self":[{"href":"https:\/\/atoutpoil.be\/en\/wp-json\/wp\/v2\/product\/15934","targetHints":{"allow":["GET"]}}],"collection":[{"href":"https:\/\/atoutpoil.be\/en\/wp-json\/wp\/v2\/product"}],"about":[{"href":"https:\/\/atoutpoil.be\/en\/wp-json\/wp\/v2\/types\/product"}],"wp:attachment":[{"href":"https:\/\/atoutpoil.be\/en\/wp-json\/wp\/v2\/media?parent=15934"}],"wp:term":[{"taxonomy":"product_brand","embeddable":true,"href":"https:\/\/atoutpoil.be\/en\/wp-json\/wp\/v2\/product_brand?post=15934"},{"taxonomy":"product_cat","embeddable":true,"href":"https:\/\/atoutpoil.be\/en\/wp-json\/wp\/v2\/product_cat?post=15934"},{"taxonomy":"product_tag","embeddable":true,"href":"https:\/\/atoutpoil.be\/en\/wp-json\/wp\/v2\/product_tag?post=15934"}],"curies":[{"name":"wp","href":"https:\/\/api.w.org\/{rel}","templated":true}]}}

Manteau fourré Quadra 36 cm rouge

<p>Manteau de la marque Quadra</p>
<p>Taille 36cm</p>
<p>FAbriqué à la main en Belgique</p>
<p>Intérieur chaud et fourré</p>
<p>Extérieur imperméable</p>
<p>lavable à 30 degrés</p>
<p>Col blanc et contour blanc</p>

<p>Manteau de la marque Quadra Taille 36cm FAbriqué à la main en Belgique Intérieur chaud et fourré Extérieur imperméable lavable&#8230;</p>
