{"id":15939,"date":"2026-08-31T18:21:04","date_gmt":"2026-08-31T16:21:04","guid":{"rendered":"https:\/\/atoutpoil.be\/?post_type=product&#038;p=15939"},"modified":"2026-08-31T18:21:38","modified_gmt":"2026-08-31T16:21:38","slug":"manteau-fourre-quadra-33-cm-noir","status":"publish","type":"product","link":"https:\/\/atoutpoil.be\/en\/produit\/manteau-fourre-quadra-33-cm-noir\/","title":{"rendered":"Manteau fourr\u00e9 quadra 33 cm noir"},"content":{"rendered":"<p>Coat with waterproof exterior<\/p>\n<p>Soft fleece lining<\/p>\n<p>Black color<\/p>\n<p>Handmade by the Belgian company Quadra<\/p>\n<p>Taille du manteau : 33 cm<\/p>","protected":false},"excerpt":{"rendered":"<p>Manteau avec ext\u00e9rieur imperm\u00e9able Int\u00e9rieur fourr\u00e9 doux Couleur noir Fabriqu\u00e9 \u00e0 la main par la soci\u00e9t\u00e9 belge Quadra Taille du&#8230;<\/p>","protected":false},"featured_media":15903,"template":"","meta":[],"product_brand":[],"product_cat":[88],"product_tag":[],"class_list":["post-15939","product","type-product","status-publish","has-post-thumbnail","product_cat-manteau-taille-33-cm","first","instock","shipping-taxable","purchasable","product-type-simple"],"_links":{"self":[{"href":"https:\/\/atoutpoil.be\/en\/wp-json\/wp\/v2\/product\/15939","targetHints":{"allow":["GET"]}}],"collection":[{"href":"https:\/\/atoutpoil.be\/en\/wp-json\/wp\/v2\/product"}],"about":[{"href":"https:\/\/atoutpoil.be\/en\/wp-json\/wp\/v2\/types\/product"}],"wp:attachment":[{"href":"https:\/\/atoutpoil.be\/en\/wp-json\/wp\/v2\/media?parent=15939"}],"wp:term":[{"taxonomy":"product_brand","embeddable":true,"href":"https:\/\/atoutpoil.be\/en\/wp-json\/wp\/v2\/product_brand?post=15939"},{"taxonomy":"product_cat","embeddable":true,"href":"https:\/\/atoutpoil.be\/en\/wp-json\/wp\/v2\/product_cat?post=15939"},{"taxonomy":"product_tag","embeddable":true,"href":"https:\/\/atoutpoil.be\/en\/wp-json\/wp\/v2\/product_tag?post=15939"}],"curies":[{"name":"wp","href":"https:\/\/api.w.org\/{rel}","templated":true}]}}

Manteau fourré quadra 33 cm noir

<p>Manteau avec extérieur imperméable Intérieur fourré doux Couleur noir Fabriqué à la main par la société belge Quadra Taille du&#8230;</p>
