{"id":15964,"date":"2026-09-01T15:26:56","date_gmt":"2026-09-01T13:26:56","guid":{"rendered":"https:\/\/atoutpoil.be\/?post_type=product&#038;p=15964"},"modified":"2026-09-01T15:26:57","modified_gmt":"2026-09-01T13:26:57","slug":"manteau-fourre-33-cm-col-bleu","status":"publish","type":"product","link":"https:\/\/atoutpoil.be\/en\/produit\/manteau-fourre-33-cm-col-bleu\/","title":{"rendered":"Manteau fourr\u00e9 33 cm col bleu"},"content":{"rendered":"<p>Manteau fourr\u00e9 de la marque Quadra<\/p>\n<p>Fabriqu\u00e9 en Belgique \u00e0 la main<\/p>\n<p>Taille 33 cm<\/p>\n<p>Col bleu<\/p>\n<p>\u00e9lastique pour les pattes arri\u00e8res<\/p>\n<p>Scratch ventral<\/p>\n<p>Machine washable at 30 degrees<\/p>\n<p>Waterproof exterior<\/p>","protected":false},"excerpt":{"rendered":"<p>Manteau fourr\u00e9 de la marque Quadra Fabriqu\u00e9 en Belgique \u00e0 la main Taille 33 cm Col bleu \u00e9lastique pour les&#8230;<\/p>","protected":false},"featured_media":15960,"template":"","meta":[],"product_brand":[],"product_cat":[88],"product_tag":[],"class_list":["post-15964","product","type-product","status-publish","has-post-thumbnail","product_cat-manteau-taille-33-cm","first","instock","shipping-taxable","purchasable","product-type-simple"],"_links":{"self":[{"href":"https:\/\/atoutpoil.be\/en\/wp-json\/wp\/v2\/product\/15964","targetHints":{"allow":["GET"]}}],"collection":[{"href":"https:\/\/atoutpoil.be\/en\/wp-json\/wp\/v2\/product"}],"about":[{"href":"https:\/\/atoutpoil.be\/en\/wp-json\/wp\/v2\/types\/product"}],"wp:attachment":[{"href":"https:\/\/atoutpoil.be\/en\/wp-json\/wp\/v2\/media?parent=15964"}],"wp:term":[{"taxonomy":"product_brand","embeddable":true,"href":"https:\/\/atoutpoil.be\/en\/wp-json\/wp\/v2\/product_brand?post=15964"},{"taxonomy":"product_cat","embeddable":true,"href":"https:\/\/atoutpoil.be\/en\/wp-json\/wp\/v2\/product_cat?post=15964"},{"taxonomy":"product_tag","embeddable":true,"href":"https:\/\/atoutpoil.be\/en\/wp-json\/wp\/v2\/product_tag?post=15964"}],"curies":[{"name":"wp","href":"https:\/\/api.w.org\/{rel}","templated":true}]}}

Manteau fourré 33 cm col bleu

<p>Manteau fourré de la marque Quadra</p>
<p>Fabriqué en Belgique à la main</p>
<p>Taille 33 cm</p>
<p>Col bleu</p>
<p>élastique pour les pattes arrières</p>
<p>Scratch ventral</p>
<p>Machine washable at 30 degrees</p>
<p>Waterproof exterior</p>

<p>Manteau fourré de la marque Quadra Fabriqué en Belgique à la main Taille 33 cm Col bleu élastique pour les&#8230;</p>
